111 (base 3) to base 16
-d
Convert -21 (base 6) to base 4.
-31
Convert -22212 (base 3) to base 2.
-11101111
26 (base 11) to base 9
31
0 (base 8) to base 3
0
Convert -2110 (base 3) to base 13.
-51
a (base 11) to base 16
a
What is 1 (base 11) in base 3?
1
-9 (base 15) to base 8
-11
What is 29 (base 10) in base 16?
1d
What is 0 (base 14) in base 9?
0
-20 (base 3) to base 14
-6
What is 1 (base 7) in base 16?
1
What is 11 (base 13) in base 7?
20
What is 5 (base 13) in base 10?
5
Convert -17 (base 14) to base 10.
-21
Convert 11 (base 2) to base 13.
3
Convert 1313 (base 5) to base 12.
154
-10 (base 5) to base 14
-5
What is -8a (base 13) in base 12?
-96
What is 1010 (base 2) in base 13?
a
What is -1a2 (base 15) in base 16?
-179
What is -32 (base 4) in base 7?
-20
119 (base 16) to base 13
188
423 (base 6) to base 11
135
Convert 200 (base 3) to base 14.
14
-2 (base 11) to base 15
-2
Convert 41 (base 13) to base 4.
311
Convert 1 (base 8) to base 9.
1
-1 (base 15) to base 13
-1
Convert 3 (base 5) to base 14.
3
What is -53 (base 12) in base 10?
-63
What is -10 (base 9) in base 12?
-9
Convert 536 (base 7) to base 11.
228
Convert 435 (base 7) to base 2.
11011110
What is 1c (base 14) in base 16?
1a
-11101001 (base 2) to base 11
-1a2
What is -11 (base 2) in base 3?
-10
Convert -3 (base 4) to base 14.
-3
Convert -77 (base 16) to base 7.
-230
What is 13 (base 10) in base 11?
12
Convert -10000 (base 3) to base 11.
-74
What is -15 (base 10) in base 3?
-120
1a (base 12) to base 10
22
What is 1102 (base 3) in base 7?
53
What is -145 (base 6) in base 11?
-5a
What is 1012 (base 6) in base 8?
340
2 (base 6) to base 4
2
Convert 16 (base 15) to base 3.
210
What is 12 (base 5) in base 8?
7
What is -2 (base 10) in base 7?
-2
Convert -46 (base 8) to base 5.
-123
What is 1133 (base 4) in base 5?
340
Convert 0 (base 4) to base 6.
0
Convert -1010 (base 2) to base 8.
-12
Convert -8 (base 11) to base 9.
-8
What is -30 (base 7) in base 14?
-17
Convert -155 (base 6) to base 4.
-1013
Convert 5 (base 10) to base 7.
5
19 (base 16) to base 13
1c
-7 (base 10) to base 15
-7
-42 (base 12) to base 6
-122
What is -138 (base 10) in base 5?
-1023
12 (base 11) to base 2
1101
Convert -2 (base 8) to base 6.
-2
Convert 31 (base 16) to base 7.
100
29a (base 11) to base 3
111000
1 (base 3) to base 15
1
-4 (base 14) to base 10
-4
What is -2304 (base 5) in base 12?
-235
Convert -110 (base 2) to base 16.
-6
What is 363 (base 8) in base 10?
243
What is 1 (base 3) in base 13?
1
-567 (base 8) to base 12
-273
Convert 6 (base 15) to base 12.
6
What is -b8 (base 12) in base 10?
-140
152 (base 7) to base 11
79
Convert 9 (base 10) to base 7.
12
Convert -12 (base 3) to base 15.
-5
6 (base 13) to base 4
12
What is 53 (base 9) in base 12?
40
What is -103 (base 7) in base 2?
-110100
-106 (base 16) to base 11
-219
What is 5 (base 6) in base 2?
101
What is 1 (base 16) in base 15?
1
Convert 1 (base 3) to base 4.
1
-101001 (base 2) to base 8
-51
102 (base 5) to base 4
123
What is 3 (base 12) in base 14?
3
1 (base 9) to base 2
1
What is 23 (base 7) in base 10?
17
Convert -70 (base 11) to base 15.
-52
-20 (base 7) to base 5
-24
2 (base 15) to base 14
2
-15 (base 14) to base 15
-14
Convert -21 (base 5) to base 11.
-10
Convert 3 (base 15) to base 9.
3
2 (base 9) to base 7
2
102 (base 3) to base 8
13
What is 1 (base 6) in base 7?
1
What is 4 (base 9) in base 6?
4
104 (base 5) to base 13
23
What is 3 (base 14) in base 15?
3
Convert 1205 (base 6) to base 4.
10211
-102 (base 6) to base 8
-46
What is 23 (base 11) in base 3?
221
2 (base 13) to base 15
2
Convert -2 (base 8) to base 2.
-10
Convert 332 (base 4) to base 13.
4a
What is dd (base 14) in base 5?
1240
What is 0 (base 7) in base 12?
0
What is 2 (base 13) in base 4?
2
-22001 (base 3) to base 12
-161
Convert 19 (base 12) to base 10.
21
-8a (base 13) to base 14
-82
-1 (base 16) to base 4
-1
Convert -3 (base 8) to base 12.
-3
-1 (base 11) to base 5
-1
What is -3 (base 15) in base 9?
-3
Convert -1 (base 4) to base 5.
-1
Convert 322 (base 5) to base 7.
153
What is 44 (base 9) in base 10?
40
What is 1 (base 16) in base 5?
1
1 (base 15) to base 3
1
b (base 14) to base 2
1011
Convert 416 (base 7) to base 15.
de
Convert -3 (base 16) to base 2.
-11
-6 (base 7) to base 11
-6
6 (base 8) to base 16
6
What is 2 (base 7) in base 12?
2
Convert 57 (base 13) to base 9.
80
Convert -3 (base 13) to base 5.
-3
What is -24 (base 13) in base 15?
-20
What is -1 (base 4) in base 10?
-1
What is 5 (base 12) in base 9?
5
What is -1a9 (base 12) in base 8?
-421
-238 (base 10) to base 5
-1423
What is 11 (base 3) in base 8?
4
Convert -1 (base 7) to base 11.
-1
What is -3 (base 6) in base 11?
-3
Convert -33 (base 7) to base 3.
-220
What is 3 (base 6) in base 16?
3
18 (base 11) to base 9
21
Convert -1 (base 6) to base 7.
-1
13 (base 6) to base 11
9
What is 6a (base 14) in base 8?
136
Convert -1f (base 16) to base 6.
-51
-404 (base 5) to base 2
-1101000
-6 (base 13) to base 7
-6
1 (base 12) to base 10
1
Convert 100 (base 2) to base 14.
4
Convert -1 (base 5) to base 8.
-1
Convert 15 (base 10) to base 7.
21
-39 (base 15) to base 9
-60
What is 1a0 (base 11) in base 2?
11100111
Convert 8 (base 11) to base 13.
8
What is 2 (base 10) in base 8?
2
Convert -a (base 11) to base 7.
-13
-11 (base 6) to base 5
-12
Convert -242 (base 5) to base 3.
-2200
-10 (base 13) to base 14
-d
2 (base 4) to base 16
2
0 (base 5) to base 2
0
-4 (base 10) to base 9
-4
What is 76 (base 14) in base 12?
88
Convert -15 (base 8) to base 16.
-d
Convert 2 (base 15) to base 4.
2
25 (base 7) to base 15
14
70 (base 12) to base 6
220
1 (base 2) to base 5
1
What is -12 (base 14) in base 2?
-10000
Convert 322 (base 5) to base 8.
127
What is -151 (base 7) in base 8?
-125
What is -64 (base 10) in base 7?
-121
2220 (base 3) to base 6
210
1a9 (base 11) to base 14
132
What is -3 (base 8) in base 12?
-3
Convert 151 (base 8) to base 7.
210
What is 3c (base 14) in base 6?
130
What is -1 (base 4) in base 13?
-1
Convert 1cb (base 13) to base 16.
150
What is 48 (base 10) in base 14?
36
What is -32 (base 13) in base 8?
-51
Convert -2 (base 7) to base 16.
-2
-142 (base 5) to base 2
-101111
Convert a (base 11) to base 14.
a
What is -50 (base 9) in base 13?
-36
Convert -40 (base 8) to base 13.
-26
Convert -3 (base 11) to base 15.
-3
What is 1 (base 14) in base 4?
1
-4 (base 8) to base 3
-11
What is -16 (base 11) in base 9?
-18
Convert 1 (base 10) to base 6.
1
Convert 40 (base 9) to base 2.
100100
-10220 (base 3) to base 2
-1101001
-4 (base 12) to base 7
-4
Convert -75 (base 9) to base 7.
-125
Convert 0 (base 9) to base 11.
0
-101 (base 4) to base 9
-18
What is -a (base 14) in base 8?
-12
-612 (base 7) to base 10
-303
What is 12 (base 3) in base 16?
5
What is -22 (base 9) in base 16?
-14
What is -40 (base 14) in base 12?
-48
What is -12 (base 5) in base 3?
-21
Convert 22 (base 3) to base 10.
8
What is 1 (base 9) in base 16?
1
-29 (base 13) to base 8
-43
-15 (base 14) to base 2
-10011
-43 (base 7) to base 6
-51
-7 (base 15) to base 14
-7
What is -c0 (base 13) in base 15?
-a6
What is 525 (base 9) in base 11?
35a
1 (base 14) to base 13
1
What is -5 (base 13) in base 11?
-5
What is 345 (base 6) in base 7?
254
What is -4 (base 16) in base 5?
-4
What is 5 (base 13) in base 7?
5
What is 263 (base 7) in base 3?
12022
Convert -25 (base 8) to base 4.
-111
What is -1 (base 3) in base 8?
-1
What is 15 (base 14) in base 10?
19
2 (base 14) to base 4
2
-5 (base 11) to base 13
-5
Convert -84 (base 13) to base 12.
-90
3 (base 16) to base 9
3
What is 76 (base 11) in base 10?
83
What is -3 (base 11) in base 15?
-3
What is -5 (base 14) in base 11?
-5
What is 1010101 (base 2) in base 5?
320
What is 1 (base 16) in base 2?
1
-10 (base 14) to base 11
-13
-d4 (base 14) to base 7
-354
What is -171 (base 16) in base 3?
-111200
1111 (base 2) to base 13
12
What is 31 (base 6) in base 14?
15
What is 1250 (base 6) in base 4?
10332
What is 0 (base 10) in base 7?
0
What is -50 (base 6) in base 15?
-20
212 (base 5) to base 4
321
Convert 0 (base 5) to base 3.
0
What is -230 (base 4) in base 7?
-62
What is 3 (base 14) in base 2?
11
What is -112 (base 5) in base 10?
-32
0 (base 11) to base 10
0
Convert d (base 16) to base 10.
13
Convert 1b (base 12) to base 2.
10111
What is -201 (base 6) in bas